se -2*u + 7 = -4*v - 27, 0 = 2*u + 3*v - 41. Let j be (-201)/(-4) - u/76. Calculate the greatest common factor of j and 10.
10
Suppose -130 = -990*w + 964*w. What is the greatest common divisor of 3 and w?
1
Let k(f) = -f**3 - 15*f**2 + 52*f + 73. Let b be k(-19). Calculate the greatest common divisor of 115 and b.
23
Let x be (1 + -14 + -1)*(52 + -51). Suppose 0 = -3*v - 2*v + 140. Let n = x + v. Calculate the highest common divisor of 70 and n.
14
Let q = -18 - -45. Suppose 0*n - 14 = -2*n. Let l = q - n. What is the greatest common factor of 40 and l?
20
Suppose 57*b - 1820 = 44*b. Calculate the greatest common factor of 56 and b.
28
Suppose 5*b - 7 = 13. Let t(k) = 12*k + 12. Let f be t(b). Calculate the greatest common divisor of f and 20.
20
Let f(n) = -127*n**3 - n**2 - n - 1. Let i be f(-1). Suppose -5*w + 44 = -96. Let z be ((-21)/w)/(3/(-72)). Calculate the greatest common divisor of i and z.
18
Let v be (18/(-2))/((1 + 2)*-1). Let q(s) = 15*s - 13. Let j be q(v). What is the greatest common divisor of j and 32?
32
Let k(i) = 2*i + 19. Let f(w) = w + 19. Let l(s) = 5*f(s) - 6*k(s). Let m be l(-5). Calculate the highest common divisor of 4 and m.
4
Let m(y) = y - 556 + 548 + 5*y. Let a be m(3). Calculate the highest common divisor of a and 110.
10
Let h(c) = -c**3 + 5*c**2 - 2*c + 13. Let k be h(5). Suppose k*q + r + r - 266 = 0, -20 = 4*r. Calculate the greatest common divisor of 23 and q.
23
Let s(b) = 3*b**2 + 6*b - 6 + 4*b + 3. Let y be -11 + 240/100 + 4/(-10). Let g be s(y). Calculate the greatest common divisor of 30 and g.
30
Suppose 2*n - 3*r = -5*r + 424, -3*n = 2*r - 631. Let k = n - 147. Calculate the greatest common factor of k and 24.
12
Suppose 0*p = -p + 6. Let f = -19 + 18. Let y = 3 + f. What is the greatest common divisor of p and y?
2
Suppose -5*h = -4*h - 4*j - 14, -5*h = -j - 32. What is the greatest common factor of 1146 and h?
6
Let a be (2 - -7)*8/(-3). Let l = a - -32. Suppose -4*j = -92 + l. Calculate the greatest common factor of 7 and j.
7
Suppose 4*j + 150 = 5*m, 0 = -m + 3*j + j + 30. Suppose y = -y + m. Let o be ((-10)/y)/((-6)/45). Calculate the highest common factor of o and 50.
5
Suppose -4*a + a - 10 = -2*b, -36 = -5*b + 2*a. Calculate the highest common factor of 16 and b.
8
Let f(m) = 67*m**2 + 2*m + 2. Let q be f(-2). Calculate the greatest common factor of q and 42.
14
Suppose -5 = -5*h, 5*t - 14*h + 16*h = 552. Let r be 4*3 - (2 + 0). What is the highest common factor of t and r?
10
Suppose -3*v + 172 = y, 3*y + 112 = 2*v + y. Suppose 4*b + 3*l = 155, -4*b + 3*l - l + 150 = 0. What is the highest common divisor of v and b?
19
Let j(g) = g**3 - 5*g**2 + g + 6. Let y be j(6). Suppose -d = -3*d + y. Calculate the highest common divisor of d and 264.
24
Suppose -5*r - 34 = -9, 0 = -5*q - 2*r + 25. What is the highest common factor of q and 112?
7
Let w = 859 - 297. Suppose -14*k + 446 = -w. Suppose -7*y + 39 = -3*y - 3*d, -2*y + 4*d = -22. Calculate the highest common factor of k and y.
9
Let x = 10 + 27. Suppose -x*t + 36 = -34*t. Calculate the highest common factor of t and 192.
12
Suppose t = 3*k + 100, 4*t + 0*k = k + 356. Suppose -2*f - t = -2*z, z - 18 = -f + 36. What is the highest common factor of 7 and z?
7
Let x = -10 - -6. Let u(o) = o**3 + 3*o**2 - 3*o + 8. Let c be u(x). Calculate the greatest common divisor of c and 6.
2
Let p(s) = 19*s**3 + s**2 + 2*s - 6. Let i be p(2). What is the greatest common factor of 22 and i?
22
Suppose 0 = -v + 2*v - 5*i - 232, v - 259 = -4*i. Calculate the greatest common divisor of 13 and v.
13
Let o(t) = -t**2 + 21*t + 7. Let s be o(11). What is the highest common factor of s and 18?
9
Let x(q) = -2*q**2 + 2*q + 3*q**3 + 0*q**3 + 0*q. Let w be x(1). What is the greatest common divisor of w and 9?
3
Let g = -452 + 727. What is the greatest common divisor of 22 and g?
11
Suppose 0 = -4*r + 9*r. Suppose -5*j = -o - 55, 0 = -j - r*j - 4*o + 11. What is the greatest common factor of j and 176?
11
Suppose -8*i + 6*i + 10 = -2*c, -4*c + 12 = 0. Calculate the greatest common factor of i and 4.
4
Let z = -7 - -7. Suppose -7*j + 6 + 8 = z. Suppose 4*v = -16, -5*v + 322 = j*q - 32. What is the greatest common factor of q and 17?
17
Suppose 0 = -3*j + 46 - 4. Suppose -l = 6*f - 4*f + 243, -3*l = -5*f + 740. Let g be ((-4)/(-5))/((-2)/l). What is the highest common divisor of g and j?
14
Suppose 5*f - 3*v = 371 + 891, -5*f - 5*v = -1270. Calculate the greatest common divisor of f and 11.
11
Suppose -6*w - 29 = -1043. Suppose -3*r + 5*h - 39 = -w, 3*h = r - 50. What is the highest common divisor of r and 175?
35
Let p be (-1)/2*-34 - 2. Let j(k) = 4*k**2 + 22*k + 23. Let c be j(-1). What is the greatest common factor of c and p?
5
Let p(k) = 27*k**2 + 12*k - 24. Let f be p(2). What is the greatest common factor of 594 and f?
54
Suppose 3*r - 6 = r. Let d = -2146 - -2158. Calculate the greatest common divisor of d and r.
3
Let s(o) = -o**3 + 7*o + 51. Let a be s(0). Calculate the highest common factor of a and 510.
51
Let h = -2660 - -2695. Suppose 0 = -4*z + 4*w + 980, -7*z - w + 1225 = -2*z. Calculate the highest common factor of z and h.
35
Suppose 5*q - 110 = -5*j, 1 = -2*q + q. What is the greatest common factor of j and 529?
23
Suppose 2*j + 5 = 3*p, p = j + 2*p + 5. Let z = 5 - j. Suppose -x + 25 = -2. Calculate the greatest common factor of x and z.
9
Let d = 65 + -60. Suppose 0*j = d*j - 495. Calculate the highest common factor of 11 and j.
11
Suppose 2*m - m + 5 = -4*v, 20 = 2*v - 4*m. Let k be -5*(4/(-20) - v). What is the highest common factor of 1 and k?
1
Suppose 401 = 8*n + 33. Let m be 12/42 + 2572/14. What is the greatest common factor of n and m?
46
Let j be ((-27336)/27)/(-2) + (-40)/180. Calculate the greatest common factor of 46 and j.
46
Suppose -70 = -4*j - 2*n + 4*n, n = -5*j + 77. Let b = 105 + -103. What is the greatest common factor of b and j?
2
Let d = 94 + -42. What is the greatest common divisor of d and 286?
26
Let x(p) = -23*p + 3. Suppose d - 3 = -6. Let h be x(d). Let j be 6*20/(-5)*-2. Calculate the highest common divisor of h and j.
24
Suppose u = -9*l + 4*l + 29, -2 = 2*u. Let s be (-8)/36*-48 - (-2)/l. Calculate the highest common factor of s and 2.
1
Let v(d) = 16*d**3 + d**2 - d. Let j be v(1). Let l = 162 - 11. Let f = 231 - l. What is the highest common factor of f and j?
16
Let s(d) = -14*d + 171. Let m be s(11). What is the greatest common divisor of 289 and m?
17
Suppose o + w = 443, -62 = 4*o - w - 1809. Calculate the greatest common factor of o and 3.
3
Let j be (1/(-3)*181)/((-2)/6). Suppose 3*q - j + 46 = 0. Let a = 33 + -3. Calculate the greatest common factor of a and q.
15
Let h = -105 + 101. Let u(l) = l + 17. Let d(j) = -j - 17. Let f(x) = 6*d(x) + 7*u(x). Let c be f(h). Calculate the greatest common divisor of 52 and c.
13
Let w be 4/(-10) - 324/(-10). Let r(l) = -l**3 + 38*l**2 - 83*l + 404. Let j be r(36). Calculate the greatest common factor of w and j.
8
Let r = 281 - 293. Suppose 5*n = -2*s - 2*s - 36, 0 = -4*n + 4*s. Let u be 38/(-1 + r/n). Calculate the greatest common factor of u and 133.
19
Let m(d) = -5*d + 91. Let j be m(0). Let o = j - 63. Calculate the greatest common factor of o and 28.
28
Suppose 0 = -0*n + 3*n + 78. Let a be (-372)/21 - (-4)/(-14). Let h = a - n. Calculate the greatest common divisor of h and 72.
8
Suppose b - 5*b + 96 = 0. Suppose 4*q - 2*q - b = 0. Suppose r - 26 = 10. What is the greatest common factor of q and r?
12
Let x be 78/(-2*(-6)/(-8)). Let g = -50 - x. What is the greatest common divisor of g and 4?
2
Let g = -247 + 301. Suppose -12*i + 81 = -11*i. Calculate the greatest common divisor of i and g.
27
Let m be (20/(-8))/((-2)/196). Let n = -171 + m. Suppose -9 = 5*r - n. Calculate the highest common divisor of 13 and r.
13
Let o = 1410 + -1274. What is the greatest common factor of 544 and o?
136
Let b = -2328 - -2376. Calculate the highest common divisor of 768 and b.
48
Suppose -5*s + 5*g = -192 - 288, -4*g + 408 = 4*s. Let m = 19 - 8. What is the highest common divisor of s and m?
11
Suppose 4*b = 2*b + 88. Let r be (-1)/((4/(-6))/2). Suppose 66 = 3*o + 3*w, -w - 110 = -2*o - r*o. What is the highest common factor of o and b?
22
Let y = 47 - 70. Let m = 5 - y. Wha